est common divisor of 364 and 266?
14
Calculate the greatest common factor of 2907 and 1377.
153
Calculate the highest common divisor of 1139 and 17.
17
What is the highest common factor of 5376 and 528?
48
What is the highest common factor of 77 and 110?
11
What is the greatest common divisor of 4 and 33?
1
What is the highest common factor of 83 and 7055?
83
What is the highest common factor of 198 and 110?
22
What is the greatest common factor of 1628 and 33?
11
Calculate the highest common divisor of 960 and 60.
60
Calculate the highest common divisor of 3350 and 30.
10
What is the highest common divisor of 471 and 2041?
157
What is the highest common factor of 702 and 156?
78
What is the greatest common divisor of 18 and 24642?
18
Calculate the highest common factor of 8 and 22.
2
What is the greatest common factor of 37 and 148?
37
Calculate the greatest common divisor of 634 and 22.
2
Calculate the greatest common divisor of 60 and 45.
15
Calculate the highest common factor of 570 and 156.
6
Calculate the greatest common factor of 32 and 2336.
32
What is the highest common divisor of 175 and 35?
35
What is the greatest common factor of 66 and 1606?
22
Calculate the greatest common divisor of 215 and 344.
43
Calculate the greatest common factor of 6629 and 14.
7
Calculate the highest common factor of 18 and 171.
9
Calculate the greatest common divisor of 259 and 7.
7
Calculate the highest common factor of 98 and 910.
14
Calculate the greatest common divisor of 4944 and 24.
24
Calculate the highest common factor of 21 and 84.
21
Calculate the highest common divisor of 350 and 49.
7
Calculate the greatest common factor of 31 and 124.
31
What is the greatest common divisor of 213 and 1704?
213
What is the highest common factor of 152 and 32?
8
Calculate the highest common factor of 184 and 40.
8
Calculate the greatest common factor of 1220 and 10.
10
What is the greatest common factor of 28 and 1498?
14
Calculate the highest common factor of 50 and 1210.
10
What is the highest common factor of 4326 and 1545?
309
What is the greatest common divisor of 250 and 10?
10
What is the highest common divisor of 280 and 56?
56
What is the greatest common factor of 1536 and 24?
24
Calculate the greatest common factor of 2 and 7.
1
What is the highest common factor of 32 and 184?
8
What is the greatest common factor of 54 and 1593?
27
Calculate the greatest common divisor of 1910 and 20.
10
Calculate the highest common divisor of 49 and 147.
49
Calculate the greatest common factor of 10 and 21530.
10
Calculate the greatest common factor of 284 and 213.
71
Calculate the greatest common factor of 13 and 3107.
13
What is the highest common divisor of 28 and 16?
4
Calculate the highest common factor of 4141 and 82.
41
What is the highest common factor of 99 and 81?
9
What is the highest common divisor of 12 and 3372?
12
Calculate the highest common divisor of 219 and 7519.
73
What is the highest common divisor of 156 and 48?
12
What is the highest common divisor of 2385 and 645?
15
Calculate the highest common factor of 285 and 228.
57
What is the greatest common factor of 4 and 484?
4
Calculate the greatest common divisor of 115 and 161.
23
Calculate the highest common factor of 12 and 222.
6
Calculate the highest common divisor of 119 and 14.
7
Calculate the greatest common factor of 226 and 565.
113
Calculate the highest common factor of 3801 and 105.
21
Calculate the highest common divisor of 25 and 1.
1
What is the greatest common factor of 170 and 238?
34
What is the greatest common factor of 1276 and 6061?
319
What is the highest common factor of 57 and 1843?
19
Calculate the highest common factor of 14 and 119.
7
Calculate the greatest common factor of 9 and 19.
1
What is the greatest common divisor of 47 and 799?
47
Calculate the highest common factor of 5942 and 2.
2
Calculate the highest common factor of 168 and 140.
28
What is the highest common factor of 702 and 1248?
78
Calculate the highest common divisor of 249 and 415.
83
Calculate the greatest common factor of 686 and 28.
14
Calculate the greatest common factor of 8 and 12.
4
Calculate the highest common factor of 44 and 972.
4
Calculate the greatest common factor of 72 and 104.
8
What is the highest common divisor of 27 and 45?
9
Calculate the greatest common factor of 165 and 3.
3
What is the greatest common divisor of 133 and 57?
19
Calculate the greatest common factor of 117 and 6812.
13
Calculate the highest common divisor of 24 and 33.
3
Calculate the highest common divisor of 37 and 148.
37
What is the greatest common factor of 3762 and 234?
18
What is the greatest common factor of 22 and 73590?
22
What is the highest common factor of 18 and 279?
9
Calculate the greatest common factor of 1488 and 400.
16
Calculate the greatest common divisor of 176 and 16.
16
Calculate the greatest common factor of 210 and 168.
42
What is the highest common factor of 96 and 64?
32
Calculate the greatest common factor of 666 and 3.
3
Calculate the highest common divisor of 27 and 144.
9
What is the highest common factor of 576 and 320?
64
Calculate the highest common factor of 42 and 28.
14
What is the greatest common divisor of 1267 and 119?
7
What is the greatest common divisor of 184 and 138?
46
Calculate the highest common divisor of 184 and 16.
8
What is the greatest common divisor of 1806 and 14?
14
What is the greatest common factor of 195 and 715?
65
Calculate the greatest common divisor of 282 and 6.
6
Calculate the highest common factor of 3770 and 390.
130
Calculate the highest common divisor of 6 and 9498.
6
Calculate the highest common divisor of 32 and 160.
32
What is the greatest common divisor of 42 and 518?
14
Calculate the highest common divisor of 21 and 6.
3
Calculate the greatest common factor of 5 and 3970.
5
What is the highest common factor of 3072 and 96?
96
What is the highest common factor of 39 and 52?
13
What is the greatest common divisor of 7227 and 876?
219
Calculate the highest common factor of 299 and 13.
13
Calculate the highest common factor of 1540 and 140.
140
Calculate the highest common factor of 105 and 30.
15
Calculate the greatest common factor of 16929 and 342.
171
Calculate the highest common factor of 27952 and 16.
16
What is the greatest common divisor of 138 and 5451?
69
Calculate the highest common divisor of 19356 and 24.
12
What is the highest common factor of 144 and 1536?
48
What is the highest common factor of 46 and 2?
2
Calculate the greatest common factor of 15 and 40.
5
What is the greatest common factor of 164 and 861?
41
What is the highest common divisor of 494 and 1911?
13
What is the highest common factor of 469 and 7?
7
What is the highest common factor of 162 and 2?
2
What is the greatest common factor of 656 and 224?
16
What is the greatest common divisor of 2653 and 56?
7
Calculate the greatest common divisor of 39 and 1079.
13
Calculate the highest common divisor of 413 and 21.
7
What is the highest common factor of 98 and 98?
98
Calculate the highest common factor of 4904 and 16.
8
What is the highest common factor of 195 and 91?
13
Calculate the highest common divisor of 3766 and 14.
14
What is the highest common divisor of 1917 and 1704?
213
What is the greatest common factor of 1384 and 108?
4
What is the highest common divisor of 27 and 9?
9
What is the greatest common divisor of 425 and 255?
85
Calculate the highest common factor of 28 and 7798.
14
Calculate the highest common divisor of 266 and 406.
14
Calculate the greatest common divisor of 66 and 341.
11
What is the greatest common divisor of 128 and 448?
64
Calculate the greatest common factor of 20 and 14090.
10
What is the highest common divisor of 2773 and 59?
59
Calculate the highest common factor of 13545 and 9.
9
Calculate the greatest common factor of 3280 and 1148.
164
What is the highest common divisor of 3349 and 34?
17
What is the highest common divisor of 70 and 1162?
14
What is the highest common divisor of 20 and 32?
4
What is the greatest common factor of 1050 and 8330?
70
Calculate the greatest common divisor of 36 and 189.
9
What is the greatest common divisor of 66 and 6?
6
What is the highest common divisor of 98 and 147?
49
Calculate the highest c